{"id":4098,"date":"2025-12-01T07:39:50","date_gmt":"2025-12-01T06:39:50","guid":{"rendered":"https:\/\/weballiance.transport-manager.net\/adtem\/?page_id=4098"},"modified":"2026-03-28T23:19:18","modified_gmt":"2026-03-28T22:19:18","slug":"les-remboursements","status":"publish","type":"page","link":"https:\/\/weballiance.transport-manager.net\/adtem\/les-remboursements\/","title":{"rendered":"Les remboursements"},"content":{"rendered":"\n<h3 class=\"wp-block-heading has-vivid-green-cyan-color has-text-color has-link-color wp-elements-ac64d9a6faa5c812ce626f0d25c068fd\"><strong>Remboursement des contr\u00f4les technique<\/strong><\/h3>\n\n\n\n<p class=\"has-medium-font-size\">Vous en avez marre de payer pour le CT de vos v\u00e9hicules tous les 6 mois ? Vous aimeriez bien investir cet argent dans autre chose ? C&rsquo;est possible !<br>Nous vous remboursons le passage au contr\u00f4le technique si vous respectez ces quelques r\u00e8gles :<\/p>\n\n\n\n<ul class=\"wp-block-list\">\n<li class=\"has-medium-font-size\">Le v\u00e9hicule doit avoir \u00e9t\u00e9 r\u00e9vis\u00e9 dans les 6 mois pr\u00e9c\u00e9dent le passage. Ceci vous permettra de diminuer les possibilit\u00e9 de contre-visite.<\/li>\n\n\n\n<li class=\"has-medium-font-size\">La d\u00e9claration du CT doit \u00eatre fait dans le mois de son ex\u00e9cution.<\/li>\n<\/ul>\n\n\n\n<p class=\"has-medium-font-size\">Il n&rsquo;y a aucune limite sur le nombre de demande, alors n&rsquo;h\u00e9sitez pas !<\/p>\n\n\n\n<h3 class=\"wp-block-heading has-vivid-green-cyan-color has-text-color has-link-color wp-elements-0745404a07fbb8e5e01ae348eb78b3a4\"><strong>Remboursement des r\u00e9visions<\/strong><\/h3>\n\n\n\n<p class=\"has-medium-font-size\">Que serait un parc bien entretenu sans un bon cahier de r\u00e9visions ? Comment faire pour profiter des garantie constructeur sans une r\u00e9vision r\u00e9cente ?<\/p>\n\n\n\n<p class=\"has-medium-font-size\">A l&rsquo;ADTEM, nous vous aidons aussi dans cette partie de la gestion de votre flotte. Nous vous remboursons vos r\u00e9visions sous certaines conditions :<\/p>\n\n\n\n<ul class=\"wp-block-list\">\n<li class=\"has-medium-font-size\">Les v\u00e9hicules diesel ne sont pas couvert par cette offre (\u00e0 l&rsquo;exception des cars)<\/li>\n\n\n\n<li class=\"has-medium-font-size\">La d\u00e9claration de la r\u00e9vision doit \u00eatre faite dans le mois de son ex\u00e9cution.<\/li>\n<\/ul>\n\n\n\n<p class=\"has-medium-font-size\">Vous n&rsquo;avez pas de place dans vos ateliers ou vous ne voulez pas faire la r\u00e9vision vous-m\u00eame ? Nous poss\u00e9dons 24 emplacement bus &amp; cars \u00e0 disposition des joueurs pour ce genre de demande !<\/p>\n\n\n\n<h3 class=\"wp-block-heading has-vivid-green-cyan-color has-text-color has-link-color wp-elements-336b12fa1fee17d00712bddbf775f921\"><strong>Ristourne Energies propres<\/strong><\/h3>\n\n\n\n<p class=\"has-medium-font-size\">Vous avez une flotte au GNV ou \u00e0 l&rsquo;\u00e9lectrique ? C&rsquo;est tr\u00e8s bien et parfait pour l&rsquo;environnement ! Pour vous f\u00e9liciter de ce choix et vous aider continuellement, nous vous proposons une ristourne sur votre facture de fin de mois de GNV ou d&rsquo;\u00e9lectricit\u00e9.<\/p>\n\n\n\n<p class=\"has-medium-font-size\">Pour en b\u00e9n\u00e9ficier, rien de plus simple. Il vous suffit de nous envoyer la quantit\u00e9 de carburant ou d&rsquo;\u00e9lectricit\u00e9 consomm\u00e9e sur le mois (en L ou kWh) au plus tard le dernier jour du mois et nous vous verserons une ristourne de 0.02\u20ac\/kWh ou 0.05\u20ac\/L.<\/p>\n\n\n\n<p class=\"has-medium-font-size\">Cette ristourne est bien \u00e9videmment soumise \u00e0 quelques r\u00e8gles :<\/p>\n\n\n\n<ul class=\"wp-block-list\">\n<li class=\"has-medium-font-size\">Vous ne pouvez b\u00e9n\u00e9ficier que d&rsquo;une des deux aides par mois. En cas de demande dans les deux cat\u00e9gories, seule la moins ch\u00e8re sera incluse<\/li>\n\n\n\n<li class=\"has-medium-font-size\">Vous avez jusqu&rsquo;au 30\/31 du mois pour en b\u00e9n\u00e9ficier. Au del\u00e0 de cette date, la demande ne sera pas trait\u00e9e<\/li>\n\n\n\n<li class=\"has-medium-font-size\">Des plafonds sont appliqu\u00e9s \u00e0 chaque niveaux, r\u00e9f\u00e9rez vous au <a href=\"https:\/\/weballiance.transport-manager.net\/adtem\/le-reglement\/\" data-type=\"page\" data-id=\"4083\">r\u00e8glement<\/a> pour plus d&rsquo;informations<\/li>\n<\/ul>\n\n\n\n<h3 class=\"wp-block-heading has-vivid-green-cyan-color has-text-color has-link-color wp-elements-fb7b8fca6bcf436b9d7032b8fb3389ff\"><strong>Aide R&amp;D<\/strong><\/h3>\n\n\n\n<p class=\"has-medium-font-size\">Vous souhaitez am\u00e9liorer votre note \u00e9cologique en \u00e9quipant votre d\u00e9p\u00f4t ? Nous sommes l\u00e0 pour vous aider. Pour toute option permettant de r\u00e9duire votre impact \u00e9cologique, recevez 10.000\u20ac.<br>Les options couvertes sont :<\/p>\n\n\n\n<ul class=\"wp-block-list\">\n<li class=\"has-medium-font-size\">Lampadaires LED<\/li>\n\n\n\n<li class=\"has-medium-font-size\">R\u00e9cup\u00e9rateur d&rsquo;eau<\/li>\n\n\n\n<li class=\"has-medium-font-size\">Panneaux solaires<\/li>\n<\/ul>\n\n\n\n<p class=\"has-medium-font-size\">Pour en b\u00e9n\u00e9ficier, il suffit de remplir le formulaire g\u00e9n\u00e9ral au plus tard 7 jours apr\u00e8s la pose de l&rsquo;option.<\/p>\n\n\n\n<h2 class=\"wp-block-heading has-vivid-green-cyan-color has-text-color has-link-color wp-elements-76672acbf3789defc09e957641edfbc4\"><strong>Besoin d&rsquo;un remboursement ?<\/strong><\/h2>\n\n\n\n<div class=\"wp-block-buttons is-content-justification-center is-layout-flex wp-container-core-buttons-is-layout-16018d1d wp-block-buttons-is-layout-flex\">\n<div class=\"wp-block-button\"><a class=\"wp-block-button__link wp-element-button\" href=\"https:\/\/forms.gle\/CpktpUzFTcXSmbKL6\">Les remboursements<\/a><\/div>\n<\/div>\n","protected":false},"excerpt":{"rendered":"<p>Remboursement des contr\u00f4les technique Vous en avez marre de payer pour le CT de vos v\u00e9hicules tous les 6 mois ? Vous aimeriez bien investir cet argent dans autre chose ? C&rsquo;est possible !Nous vous remboursons le passage au contr\u00f4le technique si vous respectez ces quelques r\u00e8gles : Il n&rsquo;y a aucune limite sur le [&hellip;]<\/p>\n","protected":false},"author":20,"featured_media":0,"parent":0,"menu_order":0,"comment_status":"closed","ping_status":"closed","template":"","meta":{"saved_in_kubio":true,"footnotes":""},"class_list":["post-4098","page","type-page","status-publish","hentry"],"kubio_ai_page_context":{"short_desc":"","purpose":"general"},"_links":{"self":[{"href":"https:\/\/weballiance.transport-manager.net\/adtem\/wp-json\/wp\/v2\/pages\/4098","targetHints":{"allow":["GET"]}}],"collection":[{"href":"https:\/\/weballiance.transport-manager.net\/adtem\/wp-json\/wp\/v2\/pages"}],"about":[{"href":"https:\/\/weballiance.transport-manager.net\/adtem\/wp-json\/wp\/v2\/types\/page"}],"author":[{"embeddable":true,"href":"https:\/\/weballiance.transport-manager.net\/adtem\/wp-json\/wp\/v2\/users\/20"}],"replies":[{"embeddable":true,"href":"https:\/\/weballiance.transport-manager.net\/adtem\/wp-json\/wp\/v2\/comments?post=4098"}],"version-history":[{"count":14,"href":"https:\/\/weballiance.transport-manager.net\/adtem\/wp-json\/wp\/v2\/pages\/4098\/revisions"}],"predecessor-version":[{"id":4783,"href":"https:\/\/weballiance.transport-manager.net\/adtem\/wp-json\/wp\/v2\/pages\/4098\/revisions\/4783"}],"wp:attachment":[{"href":"https:\/\/weballiance.transport-manager.net\/adtem\/wp-json\/wp\/v2\/media?parent=4098"}],"curies":[{"name":"wp","href":"https:\/\/api.w.org\/{rel}","templated":true}]}}