{"id":27,"date":"2021-04-25T11:46:07","date_gmt":"2021-04-25T09:46:07","guid":{"rendered":"https:\/\/weballiance.transport-manager.net\/kegrolis\/?page_id=27"},"modified":"2026-04-04T18:01:00","modified_gmt":"2026-04-04T16:01:00","slug":"kegroloc","status":"publish","type":"page","link":"https:\/\/weballiance.transport-manager.net\/kegrolis\/kegroloc\/","title":{"rendered":"Kegro&rsquo;Cations"},"content":{"rendered":"<div class=\"wp-block-image is-resized\">\n<figure class=\"aligncenter size-large\"><img loading=\"lazy\" decoding=\"async\" width=\"1024\" height=\"179\" src=\"https:\/\/weballiance.transport-manager.net\/kegrolis\/wp-content\/uploads\/sites\/3\/2026\/03\/Kegrocations-1024x179.png\" alt=\"\" class=\"wp-image-283\" srcset=\"https:\/\/weballiance.transport-manager.net\/kegrolis\/wp-content\/uploads\/sites\/3\/2026\/03\/Kegrocations-1024x179.png 1024w, https:\/\/weballiance.transport-manager.net\/kegrolis\/wp-content\/uploads\/sites\/3\/2026\/03\/Kegrocations-300x52.png 300w, https:\/\/weballiance.transport-manager.net\/kegrolis\/wp-content\/uploads\/sites\/3\/2026\/03\/Kegrocations-768x134.png 768w, https:\/\/weballiance.transport-manager.net\/kegrolis\/wp-content\/uploads\/sites\/3\/2026\/03\/Kegrocations-1536x268.png 1536w, https:\/\/weballiance.transport-manager.net\/kegrolis\/wp-content\/uploads\/sites\/3\/2026\/03\/Kegrocations-2048x358.png 2048w\" sizes=\"auto, (max-width: 1024px) 100vw, 1024px\" \/><\/figure>\n<\/div>\n\n\n<h1 class=\"wp-block-heading has-text-align-center has-text-color has-large-font-size\" style=\"color:#000000\"><strong>Nos bus<\/strong><\/h1>\n\n\n\n<p class=\"has-text-align-center has-text-color has-medium-font-size\" style=\"color:#b00000\">Notre alliance poss\u00e8de principalement des v\u00e9hicules dits \u00ab\u00a0propres\u00a0\u00bb comme des v\u00e9hicules au GNV, hybrides ou \u00e9lectriques. Nous disposons d&rsquo;une flotte de midibus, standards, articul\u00e9s et articul\u00e9s BHNS, cars interurbains et bus et cars Low-Entry. Quelques v\u00e9hicules diesel compl\u00e8tent la flotte.<\/p>\n\n\n\n<h2 class=\"wp-block-heading has-text-align-center has-text-color has-large-font-size\" style=\"color:#000000\"><strong>Nos tarifs<\/strong><\/h2>\n\n\n\n<p class=\"has-text-align-center has-text-color has-medium-font-size\" style=\"color:#b00000\"><strong>Les tarifs au mois et disponibilit\u00e9s de nos bus sont affich\u00e9s sur le <\/strong><a href=\"https:\/\/docs.google.com\/spreadsheets\/d\/1rI_LJIj8Qx7EM7DX2gjF3VIP3bWGrAqxlr492cAyiAU\/edit?usp=sharing\" data-type=\"URL\" data-id=\"https:\/\/docs.google.com\/spreadsheets\/d\/1rI_LJIj8Qx7EM7DX2gjF3VIP3bWGrAqxlr492cAyiAU\/edit?usp=sharing\" target=\"_blank\" rel=\"noreferrer noopener\"><strong>parc de location<\/strong><\/a> et maintenant directement dans vos demandes depuis le <a href=\"https:\/\/transport-manager.net\/alliance\/rentaldelivery_member.php\">panel alliance du jeu<\/a><br>Voici le d\u00e9tail des tarifs<\/p>\n\n\n<div class=\"wp-block-image\">\n<figure class=\"aligncenter size-full\"><img loading=\"lazy\" decoding=\"async\" width=\"818\" height=\"229\" src=\"https:\/\/weballiance.transport-manager.net\/kegrolis\/wp-content\/uploads\/sites\/3\/2026\/03\/image-1.png\" alt=\"\" class=\"wp-image-306\" srcset=\"https:\/\/weballiance.transport-manager.net\/kegrolis\/wp-content\/uploads\/sites\/3\/2026\/03\/image-1.png 818w, https:\/\/weballiance.transport-manager.net\/kegrolis\/wp-content\/uploads\/sites\/3\/2026\/03\/image-1-300x84.png 300w, https:\/\/weballiance.transport-manager.net\/kegrolis\/wp-content\/uploads\/sites\/3\/2026\/03\/image-1-768x215.png 768w\" sizes=\"auto, (max-width: 818px) 100vw, 818px\" \/><\/figure>\n<\/div>\n\n\n<p class=\"has-text-align-center has-text-color has-medium-font-size\" style=\"color:#b00000\"><\/p>\n\n\n\n<p class=\"has-text-align-center has-text-color has-large-font-size\" style=\"color:#000000\"><strong>Les demandes de location<\/strong><\/p>\n\n\n\n<p class=\"has-text-align-center has-text-color has-medium-font-size\" style=\"color:#b00000\">Vous devez remplir le formulaire depuis le panel jeu <strong>o\u00f9 vous verrez la disponibilit\u00e9 des v\u00e9hicules<\/strong><\/p>\n\n\n\n<p class=\"has-text-align-center has-text-color has-large-font-size\" style=\"color:#0048ff\"><strong><mark class=\"has-inline-color has-nv-dark-bg-color\">Quelques points importants concernant la location :<\/mark><\/strong><\/p>\n\n\n\n<p class=\"has-text-align-center has-text-color has-medium-font-size\" style=\"color:#b00000\">La demande de location ne peut se faire que depuis le <a href=\"https:\/\/transport-manager.net\/alliance\/rentaldelivery_member.php\" data-type=\"link\" data-id=\"https:\/\/transport-manager.net\/alliance\/rentaldelivery_member.php\">panel alliance<\/a>. Le d\u00e9but de la location se fait \u00e0 partir du moment o\u00f9 celle-ci est trait\u00e9e, soit en g\u00e9n\u00e9ral 24 \u00e0 72h apr\u00e8s la demande.<\/p>\n\n\n\n<p class=\"has-text-align-center has-text-color has-medium-font-size\" style=\"color:#b00000\">Chaque v\u00e9hicule a un num\u00e9ro de parc Kegrolis unique. Vous ne devez pas le modifier durant la p\u00e9riode de location.<br>Les v\u00e9hicules de location poss\u00e8dent toutes les options sauf l&rsquo;acc\u00e8s wifi.<br>Vous n&rsquo;\u00eates pas autoris\u00e9 \u00e0 ajouter ou supprimer des options (m\u00eame les valideurs) sur nos v\u00e9hicules.<br>Dans le cas contraire, vous vous exposez \u00e0 une p\u00e9nalit\u00e9 de 2000\u20ac par v\u00e9hicule concern\u00e9.<\/p>\n\n\n\n<p class=\"has-text-align-center has-text-color has-medium-font-size\" style=\"color:#b00000\">Pendant la dur\u00e9e de la location, si un v\u00e9hicule tombe en panne, signalez le \u00e0 un membre de l&rsquo;\u00e9quipe. Celui-ci effectuera la prise en charge <span style=\"text-decoration: underline\">dans les ateliers de l&rsquo;alliance<\/span> et vous enverra un bus de remplacement.<br><strong>Ne r\u00e9parez pas les bus de l&rsquo;alliance dans vos ateliers.<\/strong><\/p>\n\n\n\n<p class=\"has-text-align-center has-text-color has-medium-font-size\" style=\"color:#b00000\">Depuis peu, vous pouvez effectuer vous-m\u00eame le CT des v\u00e9hicules de location. Si le contr\u00f4le technique d&rsquo;un bus de l&rsquo;alliance tombe pendant votre location, vous pouvez l&rsquo;effectuer vous-m\u00eame. Si vous avez besoin d&rsquo;un v\u00e9hicule de remplacement ou que l&rsquo;alliance vous rembourse le CT, utilisez le formulaire Kegro&rsquo;Soin.<\/p>\n\n\n\n<p class=\"has-text-align-center has-text-color has-medium-font-size\" style=\"color:#b00000\"><\/p>\n\n\n\n<p class=\"has-text-align-center has-text-color has-medium-font-size\" style=\"color:#b00000\">Vous disposez d&rsquo;un d\u00e9lai d&rsquo;un mois pour payer la facture. Une fois ce d\u00e9lai d\u00e9pass\u00e9, l&rsquo;alliance le fera pour vous mais en appliquant 10% suppl\u00e9mentaires (du montant total de la facture) de p\u00e9nalit\u00e9.<\/p>\n\n\n\n<p class=\"has-text-align-center has-text-color has-medium-font-size\" style=\"color:#b00000\">Enfin, si vous quittez l&rsquo;alliance avec un contrat de location, celui-ci sera rompu et ne sera pas rembours\u00e9.<\/p>\n\n\n\n<div class=\"wp-block-buttons is-horizontal is-content-justification-center is-layout-flex wp-container-core-buttons-is-layout-499968f5 wp-block-buttons-is-layout-flex\">\n<div class=\"wp-block-button has-custom-width wp-block-button__width-50\"><a class=\"wp-block-button__link has-text-color has-background has-medium-font-size has-custom-font-size wp-element-button\" href=\"https:\/\/docs.google.com\/spreadsheets\/d\/1rI_LJIj8Qx7EM7DX2gjF3VIP3bWGrAqxlr492cAyiAU\/edit?usp=sharing\" style=\"border-radius:50px;color:#ffffff;background-color:#b00000\" target=\"_blank\" rel=\"noreferrer noopener\">LE PARC DE LOCATION<\/a><\/div>\n\n\n\n<div class=\"wp-block-button has-custom-width wp-block-button__width-50\"><a class=\"wp-block-button__link has-text-color has-background has-medium-font-size has-custom-font-size wp-element-button\" href=\"https:\/\/transport-manager.net\/alliance\/rentaldelivery_member.php\" style=\"border-radius:50px;color:#ffffff;background-color:#b00000\" target=\"_blank\" rel=\"noreferrer noopener\">FAITES VOS DEMANDES ICI<\/a><\/div>\n<\/div>\n\n\n\n<p><\/p>\n","protected":false},"excerpt":{"rendered":"<p>Nos bus Notre alliance poss\u00e8de principalement des v\u00e9hicules dits \u00ab\u00a0propres\u00a0\u00bb comme des v\u00e9hicules au GNV, hybrides ou \u00e9lectriques. Nous disposons d&rsquo;une flotte de midibus, standards, articul\u00e9s et articul\u00e9s BHNS, cars interurbains et bus et cars Low-Entry. Quelques v\u00e9hicules diesel compl\u00e8tent la flotte. Nos tarifs Les tarifs au mois et disponibilit\u00e9s de nos bus sont affich\u00e9s&hellip;&nbsp;<a href=\"https:\/\/weballiance.transport-manager.net\/kegrolis\/kegroloc\/\" rel=\"bookmark\">Lire la suite &raquo;<span class=\"screen-reader-text\">Kegro&rsquo;Cations<\/span><\/a><\/p>\n","protected":false},"author":4,"featured_media":0,"parent":0,"menu_order":0,"comment_status":"closed","ping_status":"closed","template":"","meta":{"neve_meta_sidebar":"","neve_meta_container":"","neve_meta_enable_content_width":"","neve_meta_content_width":0,"neve_meta_title_alignment":"left","neve_meta_author_avatar":"","neve_post_elements_order":"","neve_meta_disable_header":"","neve_meta_disable_footer":"","neve_meta_disable_title":"","footnotes":""},"class_list":["post-27","page","type-page","status-publish","hentry"],"_links":{"self":[{"href":"https:\/\/weballiance.transport-manager.net\/kegrolis\/wp-json\/wp\/v2\/pages\/27","targetHints":{"allow":["GET"]}}],"collection":[{"href":"https:\/\/weballiance.transport-manager.net\/kegrolis\/wp-json\/wp\/v2\/pages"}],"about":[{"href":"https:\/\/weballiance.transport-manager.net\/kegrolis\/wp-json\/wp\/v2\/types\/page"}],"author":[{"embeddable":true,"href":"https:\/\/weballiance.transport-manager.net\/kegrolis\/wp-json\/wp\/v2\/users\/4"}],"replies":[{"embeddable":true,"href":"https:\/\/weballiance.transport-manager.net\/kegrolis\/wp-json\/wp\/v2\/comments?post=27"}],"version-history":[{"count":21,"href":"https:\/\/weballiance.transport-manager.net\/kegrolis\/wp-json\/wp\/v2\/pages\/27\/revisions"}],"predecessor-version":[{"id":315,"href":"https:\/\/weballiance.transport-manager.net\/kegrolis\/wp-json\/wp\/v2\/pages\/27\/revisions\/315"}],"wp:attachment":[{"href":"https:\/\/weballiance.transport-manager.net\/kegrolis\/wp-json\/wp\/v2\/media?parent=27"}],"curies":[{"name":"wp","href":"https:\/\/api.w.org\/{rel}","templated":true}]}}